{"id":764,"date":"2025-01-27T17:05:16","date_gmt":"2025-01-27T16:05:16","guid":{"rendered":"https:\/\/www.diocesi.pavia.it\/ufficiosalute\/?page_id=764"},"modified":"2025-04-02T10:57:25","modified_gmt":"2025-04-02T08:57:25","slug":"promozione-sociale","status":"publish","type":"page","link":"https:\/\/www.diocesi.pavia.it\/ufficiosalute\/territorio\/promozione-sociale\/","title":{"rendered":"Cultura e tempo libero"},"content":{"rendered":"<h4><strong>Associazioni di promozione sociale per anziani e non (APS)<\/strong><\/h4>\n<p><strong>Le APS <\/strong>sono centri di aggregazione sociale e di aiuto per tanti anziani dei nostri quartieri.<strong> Attraverso attivit\u00e0 culturali, ludiche e ricreative sono luoghi di amicizia e di condivisione.<\/strong><\/p>\n<p>Ne riportiamo gli indirizzi e gli orari.<\/p>\n<p>&nbsp;<\/p>\n<p><em><strong>APS Bargiggia<\/strong><\/em><\/p>\n<p>Via Santo Spirito 2, PAVIA<\/p>\n<p>Tel 0382 576089 &#8211; Cell 338 2798708<\/p>\n<p>Orari: marted\u00ec, gioved\u00ec, venerd\u00ec, domenica dalle 14.30 alle 18.00<\/p>\n<p><strong>\u00a0<\/strong><\/p>\n<p><em><strong>APS Borgo Ticino<\/strong><\/em><\/p>\n<p>Via dei Mille 130, PAVIA<\/p>\n<p>Tel 0382 302298 &#8211; Cell 349 5146561<\/p>\n<p>Orari: luned\u00ec \u2013 venerd\u00ec 15.00-18.00 \/ sabato &#8211; domenica dalle 14.00 alle 23.00<\/p>\n<p><strong>\u00a0<\/strong><\/p>\n<p><em><strong>APS Brusaioli<\/strong><\/em><\/p>\n<p>P.le Torino 40, PAVIA<\/p>\n<p>Tel 0382 1424623<\/p>\n<p>Orari: luned\u00ec \u2013 domenica dalle 15.00 alle 18.00<\/p>\n<p>&nbsp;<\/p>\n<p><em><strong>APS Cazzamali<\/strong><\/em><\/p>\n<p>Via F.lli Cervi 21, PAVIA<\/p>\n<p>Tel 0382 423535 &#8211; Cell 331 7269666<\/p>\n<p>Orari: yutti i giorni<\/p>\n<p><strong>\u00a0<\/strong><\/p>\n<p><em><strong>APS Circolo Grassi<\/strong><\/em><\/p>\n<p>Via Amati 10A, PAVIA<\/p>\n<p>Tel 0382 460468\u00a0 &#8211; Cell 339 2159788<\/p>\n<p>&nbsp;<\/p>\n<p><em><strong>APS Citt\u00e0 Giardino<\/strong><\/em><\/p>\n<p>Via Acerbi 27, PAVIA<\/p>\n<p>Tel 0382 476343 &#8211; Cell 338 9165669<\/p>\n<p>Orari: luned\u00ec \u2013 domenica dalle 15.30 alle 18.30<\/p>\n<p><strong>\u00a0<\/strong><\/p>\n<p><em><strong>APS Fossarmato<\/strong><\/em><\/p>\n<p>Via Fossarmato 4, PAVIA<\/p>\n<p>Tel 0382 483290 &#8211; Cell 340 3606237<\/p>\n<p>Orari: luned\u00ec \u2013 sabato dalle 15.00 alle 18.00<\/p>\n<p><strong>\u00a0<\/strong><\/p>\n<p><em><strong>APS Rovelecca<\/strong><\/em><\/p>\n<p>Via dei Liguri 6, PAVIA<\/p>\n<p>Tel 0382 21925 &#8211; Cell 320 5785608<\/p>\n<p>Orari: luned\u00ec \u2013 domenica dalle 15.00 alle 18.00 (sabato escluso)<\/p>\n<p><strong>\u00a0<\/strong><\/p>\n<p><em><strong>APS Salvo d\u2019Acquisto<\/strong><\/em><\/p>\n<p>P.le Salvo d\u2019Acquisto 7, PAVIA<\/p>\n<p>Tel 0382 565420 &#8211; Cell 347 2597778<\/p>\n<p>Orari: luned\u00ec \u2013 domenica dalle 15.00 alle 18.30<\/p>\n<p>&nbsp;<\/p>\n<p>&nbsp;<\/p>\n<h4><strong>Universit\u00e0 della terza et\u00e0<\/strong><\/h4>\n<p>L&#8217;Universit\u00e0 della terza et\u00e0 organizza corsi e attivit\u00e0 rivolte al mondo over 65 per <strong>diffondere la conoscenza e la pratica di uno stile di vita sano<\/strong> che aiuti le persone a preservare la salute e a vivere pi\u00f9 serenamente la terza et\u00e0.<\/p>\n<p>&nbsp;<\/p>\n<p><strong>UNITRE Pavia<\/strong><\/p>\n<p>Via Porta Pertusi 6, Pavia<\/p>\n<p>Tel. 0382 530619<\/p>\n<p>Orari: luned\u00ec \u2013 venerd\u00ec 9.00 \u2013 12.00<\/p>\n<p>Sito web: <a href=\"https:\/\/www.unitrepavia.it\/\">HomeUnitrePavia<\/a><\/p>\n","protected":false},"excerpt":{"rendered":"<p>Associazioni di promozione sociale per anziani e non (APS) Le APS sono centri di aggregazione sociale e di aiuto per tanti anziani dei nostri quartieri. Attraverso attivit\u00e0 culturali, ludiche e ricreative sono luoghi di amicizia e di condivisione. Ne riportiamo gli indirizzi e gli orari. &nbsp; APS Bargiggia Via Santo Spirito 2, PAVIA Tel 0382 576089 &#8211; Cell 338 2798708 Orari: marted\u00ec, gioved\u00ec, venerd\u00ec, domenica &hellip; <a href=\"https:\/\/www.diocesi.pavia.it\/ufficiosalute\/territorio\/promozione-sociale\/\" class=\"more-link\">Continue reading <span class=\"screen-reader-text\">Cultura e tempo libero<\/span> <span class=\"meta-nav\">&raquo;<\/span><\/a><\/p>\n","protected":false},"author":3,"featured_media":0,"parent":672,"menu_order":0,"comment_status":"closed","ping_status":"closed","template":"","meta":{"_acf_changed":false,"ip_address":"","user_agent":"","level":"","revision":"","cookie_id":"","page_referer":"","html_form":"","footnotes":""},"class_list":["post-764","page","type-page","status-publish","hentry"],"acf":[],"yoast_head":"<!-- This site is optimized with the Yoast SEO plugin v27.4 - https:\/\/yoast.com\/product\/yoast-seo-wordpress\/ -->\n<title>Cultura e tempo libero - Ufficio Salute<\/title>\n<meta name=\"robots\" content=\"index, follow, max-snippet:-1, max-image-preview:large, max-video-preview:-1\" \/>\n<link rel=\"canonical\" href=\"https:\/\/www.diocesi.pavia.it\/ufficiosalute\/territorio\/promozione-sociale\/\" \/>\n<meta property=\"og:locale\" content=\"it_IT\" \/>\n<meta property=\"og:type\" content=\"article\" \/>\n<meta property=\"og:title\" content=\"Cultura e tempo libero - Ufficio Salute\" \/>\n<meta property=\"og:description\" content=\"Associazioni di promozione sociale per anziani e non (APS) Le APS sono centri di aggregazione sociale e di aiuto per tanti anziani dei nostri quartieri. Attraverso attivit\u00e0 culturali, ludiche e ricreative sono luoghi di amicizia e di condivisione. Ne riportiamo gli indirizzi e gli orari. &nbsp; APS Bargiggia Via Santo Spirito 2, PAVIA Tel 0382 576089 &#8211; Cell 338 2798708 Orari: marted\u00ec, gioved\u00ec, venerd\u00ec, domenica &hellip; Continue reading Cultura e tempo libero &raquo;\" \/>\n<meta property=\"og:url\" content=\"https:\/\/www.diocesi.pavia.it\/ufficiosalute\/territorio\/promozione-sociale\/\" \/>\n<meta property=\"og:site_name\" content=\"Ufficio Salute\" \/>\n<meta property=\"article:modified_time\" content=\"2025-04-02T08:57:25+00:00\" \/>\n<meta name=\"twitter:card\" content=\"summary_large_image\" \/>\n<meta name=\"twitter:label1\" content=\"Tempo di lettura stimato\" \/>\n\t<meta name=\"twitter:data1\" content=\"2 minuti\" \/>\n<script type=\"application\/ld+json\" class=\"yoast-schema-graph\">{\"@context\":\"https:\\\/\\\/schema.org\",\"@graph\":[{\"@type\":\"WebPage\",\"@id\":\"https:\\\/\\\/www.diocesi.pavia.it\\\/ufficiosalute\\\/territorio\\\/promozione-sociale\\\/\",\"url\":\"https:\\\/\\\/www.diocesi.pavia.it\\\/ufficiosalute\\\/territorio\\\/promozione-sociale\\\/\",\"name\":\"Cultura e tempo libero - Ufficio Salute\",\"isPartOf\":{\"@id\":\"https:\\\/\\\/www.diocesi.pavia.it\\\/ufficiosalute\\\/#website\"},\"datePublished\":\"2025-01-27T16:05:16+00:00\",\"dateModified\":\"2025-04-02T08:57:25+00:00\",\"breadcrumb\":{\"@id\":\"https:\\\/\\\/www.diocesi.pavia.it\\\/ufficiosalute\\\/territorio\\\/promozione-sociale\\\/#breadcrumb\"},\"inLanguage\":\"it-IT\",\"potentialAction\":[{\"@type\":\"ReadAction\",\"target\":[\"https:\\\/\\\/www.diocesi.pavia.it\\\/ufficiosalute\\\/territorio\\\/promozione-sociale\\\/\"]}]},{\"@type\":\"BreadcrumbList\",\"@id\":\"https:\\\/\\\/www.diocesi.pavia.it\\\/ufficiosalute\\\/territorio\\\/promozione-sociale\\\/#breadcrumb\",\"itemListElement\":[{\"@type\":\"ListItem\",\"position\":1,\"name\":\"Home\",\"item\":\"https:\\\/\\\/www.diocesi.pavia.it\\\/ufficiosalute\\\/\"},{\"@type\":\"ListItem\",\"position\":2,\"name\":\"Territorio\",\"item\":\"https:\\\/\\\/www.diocesi.pavia.it\\\/ufficiosalute\\\/territorio\\\/\"},{\"@type\":\"ListItem\",\"position\":3,\"name\":\"Cultura e tempo libero\"}]},{\"@type\":\"WebSite\",\"@id\":\"https:\\\/\\\/www.diocesi.pavia.it\\\/ufficiosalute\\\/#website\",\"url\":\"https:\\\/\\\/www.diocesi.pavia.it\\\/ufficiosalute\\\/\",\"name\":\"Ufficio Salute\",\"description\":\"Diocesi di Pavia\",\"publisher\":{\"@id\":\"https:\\\/\\\/www.diocesi.pavia.it\\\/ufficiosalute\\\/#organization\"},\"potentialAction\":[{\"@type\":\"SearchAction\",\"target\":{\"@type\":\"EntryPoint\",\"urlTemplate\":\"https:\\\/\\\/www.diocesi.pavia.it\\\/ufficiosalute\\\/?s={search_term_string}\"},\"query-input\":{\"@type\":\"PropertyValueSpecification\",\"valueRequired\":true,\"valueName\":\"search_term_string\"}}],\"inLanguage\":\"it-IT\"},{\"@type\":\"Organization\",\"@id\":\"https:\\\/\\\/www.diocesi.pavia.it\\\/ufficiosalute\\\/#organization\",\"name\":\"Ufficio Salute\",\"url\":\"https:\\\/\\\/www.diocesi.pavia.it\\\/ufficiosalute\\\/\",\"logo\":{\"@type\":\"ImageObject\",\"inLanguage\":\"it-IT\",\"@id\":\"https:\\\/\\\/www.diocesi.pavia.it\\\/ufficiosalute\\\/#\\\/schema\\\/logo\\\/image\\\/\",\"url\":\"https:\\\/\\\/www.diocesi.pavia.it\\\/ufficiosalute\\\/wp-content\\\/uploads\\\/sites\\\/6\\\/2024\\\/12\\\/home_salute.png\",\"contentUrl\":\"https:\\\/\\\/www.diocesi.pavia.it\\\/ufficiosalute\\\/wp-content\\\/uploads\\\/sites\\\/6\\\/2024\\\/12\\\/home_salute.png\",\"width\":446,\"height\":108,\"caption\":\"Ufficio Salute\"},\"image\":{\"@id\":\"https:\\\/\\\/www.diocesi.pavia.it\\\/ufficiosalute\\\/#\\\/schema\\\/logo\\\/image\\\/\"}}]}<\/script>\n<!-- \/ Yoast SEO plugin. -->","yoast_head_json":{"title":"Cultura e tempo libero - Ufficio Salute","robots":{"index":"index","follow":"follow","max-snippet":"max-snippet:-1","max-image-preview":"max-image-preview:large","max-video-preview":"max-video-preview:-1"},"canonical":"https:\/\/www.diocesi.pavia.it\/ufficiosalute\/territorio\/promozione-sociale\/","og_locale":"it_IT","og_type":"article","og_title":"Cultura e tempo libero - Ufficio Salute","og_description":"Associazioni di promozione sociale per anziani e non (APS) Le APS sono centri di aggregazione sociale e di aiuto per tanti anziani dei nostri quartieri. Attraverso attivit\u00e0 culturali, ludiche e ricreative sono luoghi di amicizia e di condivisione. Ne riportiamo gli indirizzi e gli orari. &nbsp; APS Bargiggia Via Santo Spirito 2, PAVIA Tel 0382 576089 &#8211; Cell 338 2798708 Orari: marted\u00ec, gioved\u00ec, venerd\u00ec, domenica &hellip; Continue reading Cultura e tempo libero &raquo;","og_url":"https:\/\/www.diocesi.pavia.it\/ufficiosalute\/territorio\/promozione-sociale\/","og_site_name":"Ufficio Salute","article_modified_time":"2025-04-02T08:57:25+00:00","twitter_card":"summary_large_image","twitter_misc":{"Tempo di lettura stimato":"2 minuti"},"schema":{"@context":"https:\/\/schema.org","@graph":[{"@type":"WebPage","@id":"https:\/\/www.diocesi.pavia.it\/ufficiosalute\/territorio\/promozione-sociale\/","url":"https:\/\/www.diocesi.pavia.it\/ufficiosalute\/territorio\/promozione-sociale\/","name":"Cultura e tempo libero - Ufficio Salute","isPartOf":{"@id":"https:\/\/www.diocesi.pavia.it\/ufficiosalute\/#website"},"datePublished":"2025-01-27T16:05:16+00:00","dateModified":"2025-04-02T08:57:25+00:00","breadcrumb":{"@id":"https:\/\/www.diocesi.pavia.it\/ufficiosalute\/territorio\/promozione-sociale\/#breadcrumb"},"inLanguage":"it-IT","potentialAction":[{"@type":"ReadAction","target":["https:\/\/www.diocesi.pavia.it\/ufficiosalute\/territorio\/promozione-sociale\/"]}]},{"@type":"BreadcrumbList","@id":"https:\/\/www.diocesi.pavia.it\/ufficiosalute\/territorio\/promozione-sociale\/#breadcrumb","itemListElement":[{"@type":"ListItem","position":1,"name":"Home","item":"https:\/\/www.diocesi.pavia.it\/ufficiosalute\/"},{"@type":"ListItem","position":2,"name":"Territorio","item":"https:\/\/www.diocesi.pavia.it\/ufficiosalute\/territorio\/"},{"@type":"ListItem","position":3,"name":"Cultura e tempo libero"}]},{"@type":"WebSite","@id":"https:\/\/www.diocesi.pavia.it\/ufficiosalute\/#website","url":"https:\/\/www.diocesi.pavia.it\/ufficiosalute\/","name":"Ufficio Salute","description":"Diocesi di Pavia","publisher":{"@id":"https:\/\/www.diocesi.pavia.it\/ufficiosalute\/#organization"},"potentialAction":[{"@type":"SearchAction","target":{"@type":"EntryPoint","urlTemplate":"https:\/\/www.diocesi.pavia.it\/ufficiosalute\/?s={search_term_string}"},"query-input":{"@type":"PropertyValueSpecification","valueRequired":true,"valueName":"search_term_string"}}],"inLanguage":"it-IT"},{"@type":"Organization","@id":"https:\/\/www.diocesi.pavia.it\/ufficiosalute\/#organization","name":"Ufficio Salute","url":"https:\/\/www.diocesi.pavia.it\/ufficiosalute\/","logo":{"@type":"ImageObject","inLanguage":"it-IT","@id":"https:\/\/www.diocesi.pavia.it\/ufficiosalute\/#\/schema\/logo\/image\/","url":"https:\/\/www.diocesi.pavia.it\/ufficiosalute\/wp-content\/uploads\/sites\/6\/2024\/12\/home_salute.png","contentUrl":"https:\/\/www.diocesi.pavia.it\/ufficiosalute\/wp-content\/uploads\/sites\/6\/2024\/12\/home_salute.png","width":446,"height":108,"caption":"Ufficio Salute"},"image":{"@id":"https:\/\/www.diocesi.pavia.it\/ufficiosalute\/#\/schema\/logo\/image\/"}}]}},"_links":{"self":[{"href":"https:\/\/www.diocesi.pavia.it\/ufficiosalute\/wp-json\/wp\/v2\/pages\/764","targetHints":{"allow":["GET"]}}],"collection":[{"href":"https:\/\/www.diocesi.pavia.it\/ufficiosalute\/wp-json\/wp\/v2\/pages"}],"about":[{"href":"https:\/\/www.diocesi.pavia.it\/ufficiosalute\/wp-json\/wp\/v2\/types\/page"}],"author":[{"embeddable":true,"href":"https:\/\/www.diocesi.pavia.it\/ufficiosalute\/wp-json\/wp\/v2\/users\/3"}],"replies":[{"embeddable":true,"href":"https:\/\/www.diocesi.pavia.it\/ufficiosalute\/wp-json\/wp\/v2\/comments?post=764"}],"version-history":[{"count":8,"href":"https:\/\/www.diocesi.pavia.it\/ufficiosalute\/wp-json\/wp\/v2\/pages\/764\/revisions"}],"predecessor-version":[{"id":1177,"href":"https:\/\/www.diocesi.pavia.it\/ufficiosalute\/wp-json\/wp\/v2\/pages\/764\/revisions\/1177"}],"up":[{"embeddable":true,"href":"https:\/\/www.diocesi.pavia.it\/ufficiosalute\/wp-json\/wp\/v2\/pages\/672"}],"wp:attachment":[{"href":"https:\/\/www.diocesi.pavia.it\/ufficiosalute\/wp-json\/wp\/v2\/media?parent=764"}],"curies":[{"name":"wp","href":"https:\/\/api.w.org\/{rel}","templated":true}]}}