{"id":672,"date":"2025-01-21T16:37:04","date_gmt":"2025-01-21T15:37:04","guid":{"rendered":"https:\/\/www.diocesi.pavia.it\/ufficiosalute\/?page_id=672"},"modified":"2025-02-17T08:27:23","modified_gmt":"2025-02-17T07:27:23","slug":"territorio","status":"publish","type":"page","link":"https:\/\/www.diocesi.pavia.it\/ufficiosalute\/territorio\/","title":{"rendered":"Territorio"},"content":{"rendered":"<p>Lo scopo di questa sezione \u00e8 di\u00a0<strong>fornire informazioni utili a conoscere ed esplorare le molteplici realt\u00e0 di servizi presenti sul territorio<\/strong>\u00a0che a vario titolo ruotano intorno al tema della salute.<\/p>\n<p><strong>L\u2019dea \u00e8 di contribuire a \u201cfare rete\u201d,<\/strong>\u00a0al fine di conoscere, valorizzare e sperimentare il mondo di servizi alla persona che il territorio offre spesso in modo gratuito, specialmente per le frange pi\u00f9 deboli della popolazione<\/p>\n<p>Il risultato \u00e8 una mappa (di aiuto), necessariamente lacunosa in fase di avvio, che per\u00f2 potr\u00e0 arricchirsi nel tempo grazie al contributo di tutti.<\/p>\n<p>&nbsp;<\/p>\n<p><img decoding=\"async\" class=\"aligncenter\" src=\"https:\/\/th.bing.com\/th\/id\/OIP.QF1lBUVaMDxHuvAubLK3WQHaD-?rs=1&amp;pid=ImgDetMain\" alt=\"Istituto Professionale Servizi Socio Sanitari \u00bb La tua scuola\" \/><\/p>\n<p>&nbsp;<\/p>\n<p><em><strong>Per richiedere l\u2019inserimento di nuove informazioni e\/o modifiche\/integrazioni su quanto presente in queste pagine, preghiamo di scrivere E-mail al team di Pastorale della salute\u00a0<a href=\"mailto:pastoralesanita@diocesi.pavia.it\">pastoralesanita@diocesi.pavia.it<\/a><\/strong><\/em><\/p>\n","protected":false},"excerpt":{"rendered":"<p>Lo scopo di questa sezione \u00e8 di\u00a0fornire informazioni utili a conoscere ed esplorare le molteplici realt\u00e0 di servizi presenti sul territorio\u00a0che a vario titolo ruotano intorno al tema della salute. L\u2019dea \u00e8 di contribuire a \u201cfare rete\u201d,\u00a0al fine di conoscere, valorizzare e sperimentare il mondo di servizi alla persona che il territorio offre spesso in modo gratuito, specialmente per le frange pi\u00f9 deboli della popolazione &hellip; <a href=\"https:\/\/www.diocesi.pavia.it\/ufficiosalute\/territorio\/\" class=\"more-link\">Continue reading <span class=\"screen-reader-text\">Territorio<\/span> <span class=\"meta-nav\">&raquo;<\/span><\/a><\/p>\n","protected":false},"author":3,"featured_media":0,"parent":0,"menu_order":0,"comment_status":"closed","ping_status":"closed","template":"","meta":{"_acf_changed":false,"ip_address":"","user_agent":"","level":"","revision":"","cookie_id":"","page_referer":"","html_form":"","footnotes":""},"class_list":["post-672","page","type-page","status-publish","hentry"],"acf":[],"yoast_head":"<!-- This site is optimized with the Yoast SEO plugin v27.4 - https:\/\/yoast.com\/product\/yoast-seo-wordpress\/ -->\n<title>Territorio - Ufficio Salute<\/title>\n<meta name=\"robots\" content=\"index, follow, max-snippet:-1, max-image-preview:large, max-video-preview:-1\" \/>\n<link rel=\"canonical\" href=\"https:\/\/www.diocesi.pavia.it\/ufficiosalute\/territorio\/\" \/>\n<meta property=\"og:locale\" content=\"it_IT\" \/>\n<meta property=\"og:type\" content=\"article\" \/>\n<meta property=\"og:title\" content=\"Territorio - Ufficio Salute\" \/>\n<meta property=\"og:description\" content=\"Lo scopo di questa sezione \u00e8 di\u00a0fornire informazioni utili a conoscere ed esplorare le molteplici realt\u00e0 di servizi presenti sul territorio\u00a0che a vario titolo ruotano intorno al tema della salute. L\u2019dea \u00e8 di contribuire a \u201cfare rete\u201d,\u00a0al fine di conoscere, valorizzare e sperimentare il mondo di servizi alla persona che il territorio offre spesso in modo gratuito, specialmente per le frange pi\u00f9 deboli della popolazione &hellip; Continue reading Territorio &raquo;\" \/>\n<meta property=\"og:url\" content=\"https:\/\/www.diocesi.pavia.it\/ufficiosalute\/territorio\/\" \/>\n<meta property=\"og:site_name\" content=\"Ufficio Salute\" \/>\n<meta property=\"article:modified_time\" content=\"2025-02-17T07:27:23+00:00\" \/>\n<meta property=\"og:image\" content=\"https:\/\/th.bing.com\/th\/id\/OIP.QF1lBUVaMDxHuvAubLK3WQHaD-?rs=1&amp;pid=ImgDetMain\" \/>\n<meta name=\"twitter:card\" content=\"summary_large_image\" \/>\n<meta name=\"twitter:label1\" content=\"Tempo di lettura stimato\" \/>\n\t<meta name=\"twitter:data1\" content=\"1 minuto\" \/>\n<script type=\"application\/ld+json\" class=\"yoast-schema-graph\">{\"@context\":\"https:\\\/\\\/schema.org\",\"@graph\":[{\"@type\":\"WebPage\",\"@id\":\"https:\\\/\\\/www.diocesi.pavia.it\\\/ufficiosalute\\\/territorio\\\/\",\"url\":\"https:\\\/\\\/www.diocesi.pavia.it\\\/ufficiosalute\\\/territorio\\\/\",\"name\":\"Territorio - Ufficio Salute\",\"isPartOf\":{\"@id\":\"https:\\\/\\\/www.diocesi.pavia.it\\\/ufficiosalute\\\/#website\"},\"primaryImageOfPage\":{\"@id\":\"https:\\\/\\\/www.diocesi.pavia.it\\\/ufficiosalute\\\/territorio\\\/#primaryimage\"},\"image\":{\"@id\":\"https:\\\/\\\/www.diocesi.pavia.it\\\/ufficiosalute\\\/territorio\\\/#primaryimage\"},\"thumbnailUrl\":\"https:\\\/\\\/th.bing.com\\\/th\\\/id\\\/OIP.QF1lBUVaMDxHuvAubLK3WQHaD-?rs=1&amp;pid=ImgDetMain\",\"datePublished\":\"2025-01-21T15:37:04+00:00\",\"dateModified\":\"2025-02-17T07:27:23+00:00\",\"breadcrumb\":{\"@id\":\"https:\\\/\\\/www.diocesi.pavia.it\\\/ufficiosalute\\\/territorio\\\/#breadcrumb\"},\"inLanguage\":\"it-IT\",\"potentialAction\":[{\"@type\":\"ReadAction\",\"target\":[\"https:\\\/\\\/www.diocesi.pavia.it\\\/ufficiosalute\\\/territorio\\\/\"]}]},{\"@type\":\"ImageObject\",\"inLanguage\":\"it-IT\",\"@id\":\"https:\\\/\\\/www.diocesi.pavia.it\\\/ufficiosalute\\\/territorio\\\/#primaryimage\",\"url\":\"https:\\\/\\\/th.bing.com\\\/th\\\/id\\\/OIP.QF1lBUVaMDxHuvAubLK3WQHaD-?rs=1&amp;pid=ImgDetMain\",\"contentUrl\":\"https:\\\/\\\/th.bing.com\\\/th\\\/id\\\/OIP.QF1lBUVaMDxHuvAubLK3WQHaD-?rs=1&amp;pid=ImgDetMain\"},{\"@type\":\"BreadcrumbList\",\"@id\":\"https:\\\/\\\/www.diocesi.pavia.it\\\/ufficiosalute\\\/territorio\\\/#breadcrumb\",\"itemListElement\":[{\"@type\":\"ListItem\",\"position\":1,\"name\":\"Home\",\"item\":\"https:\\\/\\\/www.diocesi.pavia.it\\\/ufficiosalute\\\/\"},{\"@type\":\"ListItem\",\"position\":2,\"name\":\"Territorio\"}]},{\"@type\":\"WebSite\",\"@id\":\"https:\\\/\\\/www.diocesi.pavia.it\\\/ufficiosalute\\\/#website\",\"url\":\"https:\\\/\\\/www.diocesi.pavia.it\\\/ufficiosalute\\\/\",\"name\":\"Ufficio Salute\",\"description\":\"Diocesi di Pavia\",\"publisher\":{\"@id\":\"https:\\\/\\\/www.diocesi.pavia.it\\\/ufficiosalute\\\/#organization\"},\"potentialAction\":[{\"@type\":\"SearchAction\",\"target\":{\"@type\":\"EntryPoint\",\"urlTemplate\":\"https:\\\/\\\/www.diocesi.pavia.it\\\/ufficiosalute\\\/?s={search_term_string}\"},\"query-input\":{\"@type\":\"PropertyValueSpecification\",\"valueRequired\":true,\"valueName\":\"search_term_string\"}}],\"inLanguage\":\"it-IT\"},{\"@type\":\"Organization\",\"@id\":\"https:\\\/\\\/www.diocesi.pavia.it\\\/ufficiosalute\\\/#organization\",\"name\":\"Ufficio Salute\",\"url\":\"https:\\\/\\\/www.diocesi.pavia.it\\\/ufficiosalute\\\/\",\"logo\":{\"@type\":\"ImageObject\",\"inLanguage\":\"it-IT\",\"@id\":\"https:\\\/\\\/www.diocesi.pavia.it\\\/ufficiosalute\\\/#\\\/schema\\\/logo\\\/image\\\/\",\"url\":\"https:\\\/\\\/www.diocesi.pavia.it\\\/ufficiosalute\\\/wp-content\\\/uploads\\\/sites\\\/6\\\/2024\\\/12\\\/home_salute.png\",\"contentUrl\":\"https:\\\/\\\/www.diocesi.pavia.it\\\/ufficiosalute\\\/wp-content\\\/uploads\\\/sites\\\/6\\\/2024\\\/12\\\/home_salute.png\",\"width\":446,\"height\":108,\"caption\":\"Ufficio Salute\"},\"image\":{\"@id\":\"https:\\\/\\\/www.diocesi.pavia.it\\\/ufficiosalute\\\/#\\\/schema\\\/logo\\\/image\\\/\"}}]}<\/script>\n<!-- \/ Yoast SEO plugin. -->","yoast_head_json":{"title":"Territorio - Ufficio Salute","robots":{"index":"index","follow":"follow","max-snippet":"max-snippet:-1","max-image-preview":"max-image-preview:large","max-video-preview":"max-video-preview:-1"},"canonical":"https:\/\/www.diocesi.pavia.it\/ufficiosalute\/territorio\/","og_locale":"it_IT","og_type":"article","og_title":"Territorio - Ufficio Salute","og_description":"Lo scopo di questa sezione \u00e8 di\u00a0fornire informazioni utili a conoscere ed esplorare le molteplici realt\u00e0 di servizi presenti sul territorio\u00a0che a vario titolo ruotano intorno al tema della salute. L\u2019dea \u00e8 di contribuire a \u201cfare rete\u201d,\u00a0al fine di conoscere, valorizzare e sperimentare il mondo di servizi alla persona che il territorio offre spesso in modo gratuito, specialmente per le frange pi\u00f9 deboli della popolazione &hellip; Continue reading Territorio &raquo;","og_url":"https:\/\/www.diocesi.pavia.it\/ufficiosalute\/territorio\/","og_site_name":"Ufficio Salute","article_modified_time":"2025-02-17T07:27:23+00:00","og_image":[{"url":"https:\/\/th.bing.com\/th\/id\/OIP.QF1lBUVaMDxHuvAubLK3WQHaD-?rs=1&amp;pid=ImgDetMain","type":"","width":"","height":""}],"twitter_card":"summary_large_image","twitter_misc":{"Tempo di lettura stimato":"1 minuto"},"schema":{"@context":"https:\/\/schema.org","@graph":[{"@type":"WebPage","@id":"https:\/\/www.diocesi.pavia.it\/ufficiosalute\/territorio\/","url":"https:\/\/www.diocesi.pavia.it\/ufficiosalute\/territorio\/","name":"Territorio - Ufficio Salute","isPartOf":{"@id":"https:\/\/www.diocesi.pavia.it\/ufficiosalute\/#website"},"primaryImageOfPage":{"@id":"https:\/\/www.diocesi.pavia.it\/ufficiosalute\/territorio\/#primaryimage"},"image":{"@id":"https:\/\/www.diocesi.pavia.it\/ufficiosalute\/territorio\/#primaryimage"},"thumbnailUrl":"https:\/\/th.bing.com\/th\/id\/OIP.QF1lBUVaMDxHuvAubLK3WQHaD-?rs=1&amp;pid=ImgDetMain","datePublished":"2025-01-21T15:37:04+00:00","dateModified":"2025-02-17T07:27:23+00:00","breadcrumb":{"@id":"https:\/\/www.diocesi.pavia.it\/ufficiosalute\/territorio\/#breadcrumb"},"inLanguage":"it-IT","potentialAction":[{"@type":"ReadAction","target":["https:\/\/www.diocesi.pavia.it\/ufficiosalute\/territorio\/"]}]},{"@type":"ImageObject","inLanguage":"it-IT","@id":"https:\/\/www.diocesi.pavia.it\/ufficiosalute\/territorio\/#primaryimage","url":"https:\/\/th.bing.com\/th\/id\/OIP.QF1lBUVaMDxHuvAubLK3WQHaD-?rs=1&amp;pid=ImgDetMain","contentUrl":"https:\/\/th.bing.com\/th\/id\/OIP.QF1lBUVaMDxHuvAubLK3WQHaD-?rs=1&amp;pid=ImgDetMain"},{"@type":"BreadcrumbList","@id":"https:\/\/www.diocesi.pavia.it\/ufficiosalute\/territorio\/#breadcrumb","itemListElement":[{"@type":"ListItem","position":1,"name":"Home","item":"https:\/\/www.diocesi.pavia.it\/ufficiosalute\/"},{"@type":"ListItem","position":2,"name":"Territorio"}]},{"@type":"WebSite","@id":"https:\/\/www.diocesi.pavia.it\/ufficiosalute\/#website","url":"https:\/\/www.diocesi.pavia.it\/ufficiosalute\/","name":"Ufficio Salute","description":"Diocesi di Pavia","publisher":{"@id":"https:\/\/www.diocesi.pavia.it\/ufficiosalute\/#organization"},"potentialAction":[{"@type":"SearchAction","target":{"@type":"EntryPoint","urlTemplate":"https:\/\/www.diocesi.pavia.it\/ufficiosalute\/?s={search_term_string}"},"query-input":{"@type":"PropertyValueSpecification","valueRequired":true,"valueName":"search_term_string"}}],"inLanguage":"it-IT"},{"@type":"Organization","@id":"https:\/\/www.diocesi.pavia.it\/ufficiosalute\/#organization","name":"Ufficio Salute","url":"https:\/\/www.diocesi.pavia.it\/ufficiosalute\/","logo":{"@type":"ImageObject","inLanguage":"it-IT","@id":"https:\/\/www.diocesi.pavia.it\/ufficiosalute\/#\/schema\/logo\/image\/","url":"https:\/\/www.diocesi.pavia.it\/ufficiosalute\/wp-content\/uploads\/sites\/6\/2024\/12\/home_salute.png","contentUrl":"https:\/\/www.diocesi.pavia.it\/ufficiosalute\/wp-content\/uploads\/sites\/6\/2024\/12\/home_salute.png","width":446,"height":108,"caption":"Ufficio Salute"},"image":{"@id":"https:\/\/www.diocesi.pavia.it\/ufficiosalute\/#\/schema\/logo\/image\/"}}]}},"_links":{"self":[{"href":"https:\/\/www.diocesi.pavia.it\/ufficiosalute\/wp-json\/wp\/v2\/pages\/672","targetHints":{"allow":["GET"]}}],"collection":[{"href":"https:\/\/www.diocesi.pavia.it\/ufficiosalute\/wp-json\/wp\/v2\/pages"}],"about":[{"href":"https:\/\/www.diocesi.pavia.it\/ufficiosalute\/wp-json\/wp\/v2\/types\/page"}],"author":[{"embeddable":true,"href":"https:\/\/www.diocesi.pavia.it\/ufficiosalute\/wp-json\/wp\/v2\/users\/3"}],"replies":[{"embeddable":true,"href":"https:\/\/www.diocesi.pavia.it\/ufficiosalute\/wp-json\/wp\/v2\/comments?post=672"}],"version-history":[{"count":7,"href":"https:\/\/www.diocesi.pavia.it\/ufficiosalute\/wp-json\/wp\/v2\/pages\/672\/revisions"}],"predecessor-version":[{"id":1017,"href":"https:\/\/www.diocesi.pavia.it\/ufficiosalute\/wp-json\/wp\/v2\/pages\/672\/revisions\/1017"}],"wp:attachment":[{"href":"https:\/\/www.diocesi.pavia.it\/ufficiosalute\/wp-json\/wp\/v2\/media?parent=672"}],"curies":[{"name":"wp","href":"https:\/\/api.w.org\/{rel}","templated":true}]}}