{"id":3451,"date":"2026-04-15T11:56:15","date_gmt":"2026-04-15T09:56:15","guid":{"rendered":"https:\/\/www.diocesi.pavia.it\/ufficiosalute\/?page_id=3451"},"modified":"2026-04-16T12:25:33","modified_gmt":"2026-04-16T10:25:33","slug":"santa-gianna-beretta-molla-4-10-1922-28-4-1962","status":"publish","type":"page","link":"https:\/\/www.diocesi.pavia.it\/ufficiosalute\/testimonianze\/santi-medici\/santa-gianna-beretta-molla-4-10-1922-28-4-1962\/","title":{"rendered":"Santa Gianna Beretta Molla"},"content":{"rendered":"<p>\u00c8 la\u00a0Santa Patrona\u00a0delle madri,\u00a0dei medici e dei bambini\u00a0non ancora nati.\u00a0E\u2019<strong>\u00a0<\/strong>la\u00a0Santa che ha preferito morire anzich\u00e9 accettare cure che avrebbero arrecato danno al suo bambino.\u00a0La sua festa \u00e8 il\u00a028 aprile.<\/p>\n<p>Nata a Magenta (MI), \u00e8 cresciuta in una famiglia cattolica numerosa. I suoi genitori avevano 13 figli. Suo fratello, Enrico Beretta, \u00e8 stato nominato Servo di Dio.<\/p>\n<p><strong>Medico, moglie, madre e donna piena di amore per la vita.<\/strong>\u00a0 Laureata in Medicina e Chirurgia nel 1949 all\u2019Universit\u00e0 di Pavia, si specializza in Pediatria nell\u2019Universit\u00e0 di Milano. Mentre compie la sua opera di medico, che sente e pratica come una \u00abmissione\u00bb a favore soprattutto di mamme, bambini, anziani e poveri, perch\u00e8<\/p>\n<p style=\"font-size: 16px;\">\u00abChi tocca il corpo di un paziente &#8211; dice &#8211; tocca il corpo di Cristo\u00bb.<\/p>\n<p>accresce il suo impegno generoso nell\u2019Azione Cattolica, prodigandosi per le \u00abgiovanissime\u00bb. Al tempo stesso, esprime con gli sci e l\u2019alpinismo la sua grande gioia di vivere e di godersi l\u2019incanto del creato.<\/p>\n<p>Fin da bambina vive la sua fede nella preghiera e nei sacramenti, cercando di capire quale strada intraprendere nella volont\u00e0 del Signore. Scelta la vocazione al matrimonio, l\u2019abbraccia con tutto l\u2019entusiasmo e s\u2019impegna a donarsi totalmente \u00abper formare una famiglia veramente cristiana\u00bb.<\/p>\n<p><img loading=\"lazy\" decoding=\"async\" class=\"alignnone size-medium wp-image-3455\" src=\"https:\/\/www.diocesi.pavia.it\/ufficiosalute\/wp-content\/uploads\/sites\/6\/2026\/04\/santa-gianna-1-300x210.jpg\" alt=\"\" width=\"300\" height=\"210\" srcset=\"https:\/\/www.diocesi.pavia.it\/ufficiosalute\/wp-content\/uploads\/sites\/6\/2026\/04\/santa-gianna-1-300x210.jpg 300w, https:\/\/www.diocesi.pavia.it\/ufficiosalute\/wp-content\/uploads\/sites\/6\/2026\/04\/santa-gianna-1.jpg 474w\" sizes=\"auto, (max-width: 300px) 100vw, 300px\" \/><\/p>\n<p style=\"font-size: 16px;\">\u00a0Si fidanza e poi sposa l\u2019ing. Pietro Molla. Diventa madre felice di Pierluigi, Mariolina e Laura. Sa armonizzare, con semplicit\u00e0 ed equilibrio, i doveri di madre, di moglie, di medico, e la gran gioia di vivere. E\u2019 anche una donna curata nell\u2019aspetto ed elegante nel modo di vestire, incarnando con equilibrio un modello di donna moderna e dinamica nella professione e in famiglia.<\/p>\n<p style=\"font-size: 16px;\"><strong>Il mistero del dolore e la fiducia nella Provvidenza.<\/strong>\u00a0Nel settembre 1961, verso il termine del secondo mese della sua quarta gravidanza, scopre un fibroma all\u2019utero. Le consigliano di asportare l\u2019utero, sacrificando il bambino che portava in grembo, ma lei vuole continuare la gravidanza e si affida alla preghiera e alla Provvidenza.\u00a0Trascorre i sette mesi che la separano dal parto con straordinaria forza d\u2019animo continuando il suo impegno di madre e di medico.<\/p>\n<p style=\"font-size: 16px;\"><strong>Il sacrificio e il dono della vita<\/strong>. Capisce che la creatura in grembo potrebbe nascere sofferente. \u00a0Alcuni giorni prima del parto, pur confidando nella Provvidenza, \u00e8 pronta a donare la sua vita per salvare quella della sua creatura:<\/p>\n<p style=\"font-size: 16px;\">\u00abSe dovete decidere fra me e il bimbo, nessuna esitazione: scegliete &#8211; e lo esigo &#8211; il bimbo. Salvate lui\u00bb.<\/p>\n<p style=\"font-size: 16px;\">Il mattino del 21 aprile 1962, d\u00e0 alla luce Gianna Emanuela e il mattino del 28 aprile, nonostante tutti gli sforzi e le cure per salvare entrambe le vite, tra indicibili dolori, dopo aver ripetuto la preghiera \u00abGes\u00f9 ti amo, Ges\u00f9 ti amo\u00bb, muore santamente.<\/p>\n<p style=\"font-size: 16px;\"><strong>L\u2019eredit\u00e0 spirituale<\/strong>. Aveva 39 anni. I suoi funerali furono una grande manifestazione unanime di commozione profonda, di fede e di preghiera. Rapidamente si diffuse la fama di santit\u00e0 per la sua vita e per il gesto di amore e di martirio che Papa Paolo IV chiam\u00f2 \u201cMeditata immolazione\u201d in un Angelus domenicale del 23 settembre 1973, \u00abUna giovane madre della diocesi di Milano che, per dare la vita alla sua bambina sacrificava, con meditata immolazione, la propria\u00bb. E\u2019 evidente, nelle parole del Santo Padre, il riferimento cristologico al Calvario e all\u2019Eucaristia.<\/p>\n<p style=\"font-size: 16px;\">Fu beatificata da Giovanni Paolo II il 24 aprile 1994, nell\u2019Anno Internazionale della Famiglia; fu proclamata santa dallo stesso Papa il 16 maggio 2004.<\/p>\n<p style=\"font-size: 16px;\"><strong>La figlia, Gianna Emanuela Molla<\/strong>. La figlia di Santa Gianna Beretta Molla racconta che a volte, soprattutto da bambina, si sentiva in colpa perch\u00e9 la sua mamma era morta per darla alla luce. Il padre, Pietro Molla, le diceva di non sentirsi in colpa e la invitava a nutrire una profonda gratitudine per la mamma e ad abbandonarsi fiduciosa tra le braccia di un Dio che guarda molto pi\u00f9 lontano di noi.<\/p>\n<p style=\"font-size: 16px;\">\u00a0\u201cMi ricordo che pap\u00e0 mi diceva che aveva implorato il Signore di salvare la vita anche della Mamma, e non soltanto la mia, ma il Signore, nella Sua infinita sapienza e nei Suoi imperscrutabili disegni, non \u00e8 intervenuto a salvare la vita della mamma; lui, pur con immenso dolore, ha accettato la Sua santa volont\u00e0 senza comprenderla. Soltanto molti anni dopo ha capito cosa il Signore volesse per la mamma, quando la Chiesa gli ha chiesto il permesso per poter aprire la sua Causa di Beatificazione, e la mamma \u00e8 stata proclamata Beata come madre di famiglia il 24 aprile 1994, a soli 32 anni dalla morte, da san Giovanni Paolo II, e 10 anni dopo, il 16 maggio 2004, Santa dallo stesso Papa: \u201cSe fosse rimasta qui con noi \u2013 mi diceva pap\u00e0 \u2013 avrebbe continuato a fare del bene alla sua famiglia, al suo prossimo e ai suoi ammalati, ma il Signore voleva che la mamma facesse del bene a molte, molte pi\u00f9 persone, in tante parti del mondo\u201d.<\/p>\n<p><img loading=\"lazy\" decoding=\"async\" class=\"alignnone size-medium wp-image-3452\" src=\"https:\/\/www.diocesi.pavia.it\/ufficiosalute\/wp-content\/uploads\/sites\/6\/2026\/04\/Sin-titulo-2-11-700x454-1-300x195.jpg\" alt=\"\" width=\"300\" height=\"195\" srcset=\"https:\/\/www.diocesi.pavia.it\/ufficiosalute\/wp-content\/uploads\/sites\/6\/2026\/04\/Sin-titulo-2-11-700x454-1-300x195.jpg 300w, https:\/\/www.diocesi.pavia.it\/ufficiosalute\/wp-content\/uploads\/sites\/6\/2026\/04\/Sin-titulo-2-11-700x454-1-768x498.jpg 768w, https:\/\/www.diocesi.pavia.it\/ufficiosalute\/wp-content\/uploads\/sites\/6\/2026\/04\/Sin-titulo-2-11-700x454-1-600x389.jpg 600w, https:\/\/www.diocesi.pavia.it\/ufficiosalute\/wp-content\/uploads\/sites\/6\/2026\/04\/Sin-titulo-2-11-700x454-1-800x519.jpg 800w, https:\/\/www.diocesi.pavia.it\/ufficiosalute\/wp-content\/uploads\/sites\/6\/2026\/04\/Sin-titulo-2-11-700x454-1.jpg 900w\" sizes=\"auto, (max-width: 300px) 100vw, 300px\" \/><\/p>\n<p>Non si contano tutte le grazie ricevute nel mondo per sua intercessione. \u201cPosso testimoniare che la grazia pi\u00f9 frequente ricevuta per intercessione della mia mamma, in diverse parti del mondo, \u00e8 proprio questa: il dono di un figlio, anche dopo 7 anni e pi\u00f9 di matrimonio, anche dopo pi\u00f9 aborti spontanei. Quante bambine che si chiamano \u201cGianna\u201d incontro nei miei viaggi negli Stati Uniti!<\/p>\n<p>Una storia apparentemente di dolore \u00e8 diventata una storia d\u2019amore e Gianna Emanuela testimonia come scegliere la vita, sempre e comunque, per amore di Dio, produca frutti abbondanti.<\/p>\n<p>Perch\u00e9 il nostro \u00e8 un Dio che ama la vita.<\/p>\n<p>&nbsp;<\/p>\n<p><strong>Approfondimenti e testimonianze<\/strong><\/p>\n<p>&#8212; Per approfondire la spiritualit\u00e0 di Santa Gianna si pu\u00f2 trovare <a style=\"color: #1468a0;\" href=\"https:\/\/view.officeapps.live.com\/op\/view.aspx?src=https%3A%2F%2Fwww.diocesi.pavia.it%2Fwp-content%2Fuploads%2Fsites%2F2%2F2024%2F04%2F28%2FFiaccolata-per-la-Vita-2024.docx&amp;wdOrigin=BROWSELINK\">qui<\/a><span style=\"font-size: inherit;\"> la lettera del Vescovo <\/span><span style=\"font-size: inherit;\">Corrado Sanguineti in occasione della Fiaccolata per la Vita del 2024\u00a0<\/span><\/p>\n<p><em>&#8212; La testimonianza\u00a0 della figlia di Santa Gianna, Gianna Emanuela Molla,\u00a0 si pu\u00f2 trovare <\/em><\/p>\n<ul>\n<li><em>nel libro: \u201cVivere il lutto insieme a Dio per ritrovare la pace. Dieci storie vere\u201d (Cecilia Galatolo, Mimep Docete)<\/em><\/li>\n<li>nel libro: <a href=\"https:\/\/www.puntofamiglia.net\/puntofamiglia\/2022\/04\/28\/gianna-beretta-molla-aggiungere-la-vita-ai-nostri-anni\/\">Gianna Beretta Molla, aggiungere la vita ai nostri anni<\/a><\/li>\n<li>nel video testimonianza di Gianna Emanuela Molla:<\/li>\n<\/ul>\n<p><iframe loading=\"lazy\" title=\"18\/11\/2018 - Testimonianza Gianna Emanuela Molla\" width=\"800\" height=\"600\" src=\"https:\/\/www.youtube.com\/embed\/IteQqDSwahk?feature=oembed\" frameborder=\"0\" allow=\"accelerometer; autoplay; clipboard-write; encrypted-media; gyroscope; picture-in-picture; web-share\" referrerpolicy=\"strict-origin-when-cross-origin\" allowfullscreen><\/iframe><\/p>\n","protected":false},"excerpt":{"rendered":"<p>\u00c8 la\u00a0Santa Patrona\u00a0delle madri,\u00a0dei medici e dei bambini\u00a0non ancora nati.\u00a0E\u2019\u00a0la\u00a0Santa che ha preferito morire anzich\u00e9 accettare cure che avrebbero arrecato danno al suo bambino.\u00a0La sua festa \u00e8 il\u00a028 aprile. Nata a Magenta (MI), \u00e8 cresciuta in una famiglia cattolica numerosa. I suoi genitori avevano 13 figli. Suo fratello, Enrico Beretta, \u00e8 stato nominato Servo di Dio. Medico, moglie, madre e donna piena di amore per &hellip; <a href=\"https:\/\/www.diocesi.pavia.it\/ufficiosalute\/testimonianze\/santi-medici\/santa-gianna-beretta-molla-4-10-1922-28-4-1962\/\" class=\"more-link\">Continue reading <span class=\"screen-reader-text\">Santa Gianna Beretta Molla<\/span> <span class=\"meta-nav\">&raquo;<\/span><\/a><\/p>\n","protected":false},"author":15,"featured_media":0,"parent":1122,"menu_order":0,"comment_status":"closed","ping_status":"closed","template":"","meta":{"_acf_changed":false,"ip_address":"","user_agent":"","level":"","revision":"","cookie_id":"","page_referer":"","html_form":"","footnotes":""},"class_list":["post-3451","page","type-page","status-publish","hentry"],"acf":[],"yoast_head":"<!-- This site is optimized with the Yoast SEO plugin v27.4 - https:\/\/yoast.com\/product\/yoast-seo-wordpress\/ -->\n<title>Santa Gianna Beretta Molla - Ufficio Salute<\/title>\n<meta name=\"robots\" content=\"index, follow, max-snippet:-1, max-image-preview:large, max-video-preview:-1\" \/>\n<link rel=\"canonical\" href=\"https:\/\/www.diocesi.pavia.it\/ufficiosalute\/testimonianze\/santi-medici\/santa-gianna-beretta-molla-4-10-1922-28-4-1962\/\" \/>\n<meta property=\"og:locale\" content=\"it_IT\" \/>\n<meta property=\"og:type\" content=\"article\" \/>\n<meta property=\"og:title\" content=\"Santa Gianna Beretta Molla - Ufficio Salute\" \/>\n<meta property=\"og:description\" content=\"\u00c8 la\u00a0Santa Patrona\u00a0delle madri,\u00a0dei medici e dei bambini\u00a0non ancora nati.\u00a0E\u2019\u00a0la\u00a0Santa che ha preferito morire anzich\u00e9 accettare cure che avrebbero arrecato danno al suo bambino.\u00a0La sua festa \u00e8 il\u00a028 aprile. Nata a Magenta (MI), \u00e8 cresciuta in una famiglia cattolica numerosa. I suoi genitori avevano 13 figli. Suo fratello, Enrico Beretta, \u00e8 stato nominato Servo di Dio. Medico, moglie, madre e donna piena di amore per &hellip; Continue reading Santa Gianna Beretta Molla &raquo;\" \/>\n<meta property=\"og:url\" content=\"https:\/\/www.diocesi.pavia.it\/ufficiosalute\/testimonianze\/santi-medici\/santa-gianna-beretta-molla-4-10-1922-28-4-1962\/\" \/>\n<meta property=\"og:site_name\" content=\"Ufficio Salute\" \/>\n<meta property=\"article:modified_time\" content=\"2026-04-16T10:25:33+00:00\" \/>\n<meta property=\"og:image\" content=\"https:\/\/www.diocesi.pavia.it\/ufficiosalute\/wp-content\/uploads\/sites\/6\/2026\/04\/santa-gianna-1.jpg\" \/>\n\t<meta property=\"og:image:width\" content=\"474\" \/>\n\t<meta property=\"og:image:height\" content=\"332\" \/>\n\t<meta property=\"og:image:type\" content=\"image\/jpeg\" \/>\n<meta name=\"twitter:card\" content=\"summary_large_image\" \/>\n<meta name=\"twitter:label1\" content=\"Tempo di lettura stimato\" \/>\n\t<meta name=\"twitter:data1\" content=\"6 minuti\" \/>\n<script type=\"application\/ld+json\" class=\"yoast-schema-graph\">{\"@context\":\"https:\\\/\\\/schema.org\",\"@graph\":[{\"@type\":\"WebPage\",\"@id\":\"https:\\\/\\\/www.diocesi.pavia.it\\\/ufficiosalute\\\/testimonianze\\\/santi-medici\\\/santa-gianna-beretta-molla-4-10-1922-28-4-1962\\\/\",\"url\":\"https:\\\/\\\/www.diocesi.pavia.it\\\/ufficiosalute\\\/testimonianze\\\/santi-medici\\\/santa-gianna-beretta-molla-4-10-1922-28-4-1962\\\/\",\"name\":\"Santa Gianna Beretta Molla - Ufficio Salute\",\"isPartOf\":{\"@id\":\"https:\\\/\\\/www.diocesi.pavia.it\\\/ufficiosalute\\\/#website\"},\"primaryImageOfPage\":{\"@id\":\"https:\\\/\\\/www.diocesi.pavia.it\\\/ufficiosalute\\\/testimonianze\\\/santi-medici\\\/santa-gianna-beretta-molla-4-10-1922-28-4-1962\\\/#primaryimage\"},\"image\":{\"@id\":\"https:\\\/\\\/www.diocesi.pavia.it\\\/ufficiosalute\\\/testimonianze\\\/santi-medici\\\/santa-gianna-beretta-molla-4-10-1922-28-4-1962\\\/#primaryimage\"},\"thumbnailUrl\":\"https:\\\/\\\/www.diocesi.pavia.it\\\/ufficiosalute\\\/wp-content\\\/uploads\\\/sites\\\/6\\\/2026\\\/04\\\/santa-gianna-1-300x210.jpg\",\"datePublished\":\"2026-04-15T09:56:15+00:00\",\"dateModified\":\"2026-04-16T10:25:33+00:00\",\"breadcrumb\":{\"@id\":\"https:\\\/\\\/www.diocesi.pavia.it\\\/ufficiosalute\\\/testimonianze\\\/santi-medici\\\/santa-gianna-beretta-molla-4-10-1922-28-4-1962\\\/#breadcrumb\"},\"inLanguage\":\"it-IT\",\"potentialAction\":[{\"@type\":\"ReadAction\",\"target\":[\"https:\\\/\\\/www.diocesi.pavia.it\\\/ufficiosalute\\\/testimonianze\\\/santi-medici\\\/santa-gianna-beretta-molla-4-10-1922-28-4-1962\\\/\"]}]},{\"@type\":\"ImageObject\",\"inLanguage\":\"it-IT\",\"@id\":\"https:\\\/\\\/www.diocesi.pavia.it\\\/ufficiosalute\\\/testimonianze\\\/santi-medici\\\/santa-gianna-beretta-molla-4-10-1922-28-4-1962\\\/#primaryimage\",\"url\":\"https:\\\/\\\/www.diocesi.pavia.it\\\/ufficiosalute\\\/wp-content\\\/uploads\\\/sites\\\/6\\\/2026\\\/04\\\/santa-gianna-1.jpg\",\"contentUrl\":\"https:\\\/\\\/www.diocesi.pavia.it\\\/ufficiosalute\\\/wp-content\\\/uploads\\\/sites\\\/6\\\/2026\\\/04\\\/santa-gianna-1.jpg\",\"width\":474,\"height\":332},{\"@type\":\"BreadcrumbList\",\"@id\":\"https:\\\/\\\/www.diocesi.pavia.it\\\/ufficiosalute\\\/testimonianze\\\/santi-medici\\\/santa-gianna-beretta-molla-4-10-1922-28-4-1962\\\/#breadcrumb\",\"itemListElement\":[{\"@type\":\"ListItem\",\"position\":1,\"name\":\"Home\",\"item\":\"https:\\\/\\\/www.diocesi.pavia.it\\\/ufficiosalute\\\/\"},{\"@type\":\"ListItem\",\"position\":2,\"name\":\"Testimonianze\",\"item\":\"https:\\\/\\\/www.diocesi.pavia.it\\\/ufficiosalute\\\/testimonianze\\\/\"},{\"@type\":\"ListItem\",\"position\":3,\"name\":\"Santi Medici e Medici Santi\",\"item\":\"https:\\\/\\\/www.diocesi.pavia.it\\\/ufficiosalute\\\/testimonianze\\\/santi-medici\\\/\"},{\"@type\":\"ListItem\",\"position\":4,\"name\":\"Santa Gianna Beretta Molla\"}]},{\"@type\":\"WebSite\",\"@id\":\"https:\\\/\\\/www.diocesi.pavia.it\\\/ufficiosalute\\\/#website\",\"url\":\"https:\\\/\\\/www.diocesi.pavia.it\\\/ufficiosalute\\\/\",\"name\":\"Ufficio Salute\",\"description\":\"Diocesi di Pavia\",\"publisher\":{\"@id\":\"https:\\\/\\\/www.diocesi.pavia.it\\\/ufficiosalute\\\/#organization\"},\"potentialAction\":[{\"@type\":\"SearchAction\",\"target\":{\"@type\":\"EntryPoint\",\"urlTemplate\":\"https:\\\/\\\/www.diocesi.pavia.it\\\/ufficiosalute\\\/?s={search_term_string}\"},\"query-input\":{\"@type\":\"PropertyValueSpecification\",\"valueRequired\":true,\"valueName\":\"search_term_string\"}}],\"inLanguage\":\"it-IT\"},{\"@type\":\"Organization\",\"@id\":\"https:\\\/\\\/www.diocesi.pavia.it\\\/ufficiosalute\\\/#organization\",\"name\":\"Ufficio Salute\",\"url\":\"https:\\\/\\\/www.diocesi.pavia.it\\\/ufficiosalute\\\/\",\"logo\":{\"@type\":\"ImageObject\",\"inLanguage\":\"it-IT\",\"@id\":\"https:\\\/\\\/www.diocesi.pavia.it\\\/ufficiosalute\\\/#\\\/schema\\\/logo\\\/image\\\/\",\"url\":\"https:\\\/\\\/www.diocesi.pavia.it\\\/ufficiosalute\\\/wp-content\\\/uploads\\\/sites\\\/6\\\/2024\\\/12\\\/home_salute.png\",\"contentUrl\":\"https:\\\/\\\/www.diocesi.pavia.it\\\/ufficiosalute\\\/wp-content\\\/uploads\\\/sites\\\/6\\\/2024\\\/12\\\/home_salute.png\",\"width\":446,\"height\":108,\"caption\":\"Ufficio Salute\"},\"image\":{\"@id\":\"https:\\\/\\\/www.diocesi.pavia.it\\\/ufficiosalute\\\/#\\\/schema\\\/logo\\\/image\\\/\"}}]}<\/script>\n<!-- \/ Yoast SEO plugin. -->","yoast_head_json":{"title":"Santa Gianna Beretta Molla - Ufficio Salute","robots":{"index":"index","follow":"follow","max-snippet":"max-snippet:-1","max-image-preview":"max-image-preview:large","max-video-preview":"max-video-preview:-1"},"canonical":"https:\/\/www.diocesi.pavia.it\/ufficiosalute\/testimonianze\/santi-medici\/santa-gianna-beretta-molla-4-10-1922-28-4-1962\/","og_locale":"it_IT","og_type":"article","og_title":"Santa Gianna Beretta Molla - Ufficio Salute","og_description":"\u00c8 la\u00a0Santa Patrona\u00a0delle madri,\u00a0dei medici e dei bambini\u00a0non ancora nati.\u00a0E\u2019\u00a0la\u00a0Santa che ha preferito morire anzich\u00e9 accettare cure che avrebbero arrecato danno al suo bambino.\u00a0La sua festa \u00e8 il\u00a028 aprile. Nata a Magenta (MI), \u00e8 cresciuta in una famiglia cattolica numerosa. I suoi genitori avevano 13 figli. Suo fratello, Enrico Beretta, \u00e8 stato nominato Servo di Dio. Medico, moglie, madre e donna piena di amore per &hellip; Continue reading Santa Gianna Beretta Molla &raquo;","og_url":"https:\/\/www.diocesi.pavia.it\/ufficiosalute\/testimonianze\/santi-medici\/santa-gianna-beretta-molla-4-10-1922-28-4-1962\/","og_site_name":"Ufficio Salute","article_modified_time":"2026-04-16T10:25:33+00:00","og_image":[{"width":474,"height":332,"url":"https:\/\/www.diocesi.pavia.it\/ufficiosalute\/wp-content\/uploads\/sites\/6\/2026\/04\/santa-gianna-1.jpg","type":"image\/jpeg"}],"twitter_card":"summary_large_image","twitter_misc":{"Tempo di lettura stimato":"6 minuti"},"schema":{"@context":"https:\/\/schema.org","@graph":[{"@type":"WebPage","@id":"https:\/\/www.diocesi.pavia.it\/ufficiosalute\/testimonianze\/santi-medici\/santa-gianna-beretta-molla-4-10-1922-28-4-1962\/","url":"https:\/\/www.diocesi.pavia.it\/ufficiosalute\/testimonianze\/santi-medici\/santa-gianna-beretta-molla-4-10-1922-28-4-1962\/","name":"Santa Gianna Beretta Molla - Ufficio Salute","isPartOf":{"@id":"https:\/\/www.diocesi.pavia.it\/ufficiosalute\/#website"},"primaryImageOfPage":{"@id":"https:\/\/www.diocesi.pavia.it\/ufficiosalute\/testimonianze\/santi-medici\/santa-gianna-beretta-molla-4-10-1922-28-4-1962\/#primaryimage"},"image":{"@id":"https:\/\/www.diocesi.pavia.it\/ufficiosalute\/testimonianze\/santi-medici\/santa-gianna-beretta-molla-4-10-1922-28-4-1962\/#primaryimage"},"thumbnailUrl":"https:\/\/www.diocesi.pavia.it\/ufficiosalute\/wp-content\/uploads\/sites\/6\/2026\/04\/santa-gianna-1-300x210.jpg","datePublished":"2026-04-15T09:56:15+00:00","dateModified":"2026-04-16T10:25:33+00:00","breadcrumb":{"@id":"https:\/\/www.diocesi.pavia.it\/ufficiosalute\/testimonianze\/santi-medici\/santa-gianna-beretta-molla-4-10-1922-28-4-1962\/#breadcrumb"},"inLanguage":"it-IT","potentialAction":[{"@type":"ReadAction","target":["https:\/\/www.diocesi.pavia.it\/ufficiosalute\/testimonianze\/santi-medici\/santa-gianna-beretta-molla-4-10-1922-28-4-1962\/"]}]},{"@type":"ImageObject","inLanguage":"it-IT","@id":"https:\/\/www.diocesi.pavia.it\/ufficiosalute\/testimonianze\/santi-medici\/santa-gianna-beretta-molla-4-10-1922-28-4-1962\/#primaryimage","url":"https:\/\/www.diocesi.pavia.it\/ufficiosalute\/wp-content\/uploads\/sites\/6\/2026\/04\/santa-gianna-1.jpg","contentUrl":"https:\/\/www.diocesi.pavia.it\/ufficiosalute\/wp-content\/uploads\/sites\/6\/2026\/04\/santa-gianna-1.jpg","width":474,"height":332},{"@type":"BreadcrumbList","@id":"https:\/\/www.diocesi.pavia.it\/ufficiosalute\/testimonianze\/santi-medici\/santa-gianna-beretta-molla-4-10-1922-28-4-1962\/#breadcrumb","itemListElement":[{"@type":"ListItem","position":1,"name":"Home","item":"https:\/\/www.diocesi.pavia.it\/ufficiosalute\/"},{"@type":"ListItem","position":2,"name":"Testimonianze","item":"https:\/\/www.diocesi.pavia.it\/ufficiosalute\/testimonianze\/"},{"@type":"ListItem","position":3,"name":"Santi Medici e Medici Santi","item":"https:\/\/www.diocesi.pavia.it\/ufficiosalute\/testimonianze\/santi-medici\/"},{"@type":"ListItem","position":4,"name":"Santa Gianna Beretta Molla"}]},{"@type":"WebSite","@id":"https:\/\/www.diocesi.pavia.it\/ufficiosalute\/#website","url":"https:\/\/www.diocesi.pavia.it\/ufficiosalute\/","name":"Ufficio Salute","description":"Diocesi di Pavia","publisher":{"@id":"https:\/\/www.diocesi.pavia.it\/ufficiosalute\/#organization"},"potentialAction":[{"@type":"SearchAction","target":{"@type":"EntryPoint","urlTemplate":"https:\/\/www.diocesi.pavia.it\/ufficiosalute\/?s={search_term_string}"},"query-input":{"@type":"PropertyValueSpecification","valueRequired":true,"valueName":"search_term_string"}}],"inLanguage":"it-IT"},{"@type":"Organization","@id":"https:\/\/www.diocesi.pavia.it\/ufficiosalute\/#organization","name":"Ufficio Salute","url":"https:\/\/www.diocesi.pavia.it\/ufficiosalute\/","logo":{"@type":"ImageObject","inLanguage":"it-IT","@id":"https:\/\/www.diocesi.pavia.it\/ufficiosalute\/#\/schema\/logo\/image\/","url":"https:\/\/www.diocesi.pavia.it\/ufficiosalute\/wp-content\/uploads\/sites\/6\/2024\/12\/home_salute.png","contentUrl":"https:\/\/www.diocesi.pavia.it\/ufficiosalute\/wp-content\/uploads\/sites\/6\/2024\/12\/home_salute.png","width":446,"height":108,"caption":"Ufficio Salute"},"image":{"@id":"https:\/\/www.diocesi.pavia.it\/ufficiosalute\/#\/schema\/logo\/image\/"}}]}},"_links":{"self":[{"href":"https:\/\/www.diocesi.pavia.it\/ufficiosalute\/wp-json\/wp\/v2\/pages\/3451","targetHints":{"allow":["GET"]}}],"collection":[{"href":"https:\/\/www.diocesi.pavia.it\/ufficiosalute\/wp-json\/wp\/v2\/pages"}],"about":[{"href":"https:\/\/www.diocesi.pavia.it\/ufficiosalute\/wp-json\/wp\/v2\/types\/page"}],"author":[{"embeddable":true,"href":"https:\/\/www.diocesi.pavia.it\/ufficiosalute\/wp-json\/wp\/v2\/users\/15"}],"replies":[{"embeddable":true,"href":"https:\/\/www.diocesi.pavia.it\/ufficiosalute\/wp-json\/wp\/v2\/comments?post=3451"}],"version-history":[{"count":6,"href":"https:\/\/www.diocesi.pavia.it\/ufficiosalute\/wp-json\/wp\/v2\/pages\/3451\/revisions"}],"predecessor-version":[{"id":3465,"href":"https:\/\/www.diocesi.pavia.it\/ufficiosalute\/wp-json\/wp\/v2\/pages\/3451\/revisions\/3465"}],"up":[{"embeddable":true,"href":"https:\/\/www.diocesi.pavia.it\/ufficiosalute\/wp-json\/wp\/v2\/pages\/1122"}],"wp:attachment":[{"href":"https:\/\/www.diocesi.pavia.it\/ufficiosalute\/wp-json\/wp\/v2\/media?parent=3451"}],"curies":[{"name":"wp","href":"https:\/\/api.w.org\/{rel}","templated":true}]}}