{"id":1179,"date":"2025-04-02T16:00:38","date_gmt":"2025-04-02T14:00:38","guid":{"rendered":"https:\/\/www.diocesi.pavia.it\/ufficiosalute\/?page_id=1179"},"modified":"2025-04-02T22:14:07","modified_gmt":"2025-04-02T20:14:07","slug":"santa-ildegarda-di-bingen","status":"publish","type":"page","link":"https:\/\/www.diocesi.pavia.it\/ufficiosalute\/testimonianze\/santi-medici\/santa-ildegarda-di-bingen\/","title":{"rendered":"Santa Ildegarda di Bingen"},"content":{"rendered":"<p>Vissuta nel XII secolo, \u00e8 stata canonizzata nel 2012 da Papa Benedetto XVI e nominata Dottore della Chiesa per l\u2019importanza e l\u2019ampiezza del suo contributo alla dottrina della fede cattolica.<\/p>\n<p>E\u2019 stata monaca benedettina prima e poi badessa; scrittrice, mistica, teologa, gemmologa, guaritrice, erborista, esorcista, ginecologa, cosmologa, filosofa, poetessa e drammaturga, musicista, linguista, consigliera di principi, papi e imperatori.<\/p>\n<p><img loading=\"lazy\" decoding=\"async\" class=\"alignnone size-medium wp-image-1134\" src=\"https:\/\/www.diocesi.pavia.it\/ufficiosalute\/wp-content\/uploads\/sites\/6\/2025\/03\/santa-ildegarda-300x200.jpg\" alt=\"\" width=\"300\" height=\"200\" srcset=\"https:\/\/www.diocesi.pavia.it\/ufficiosalute\/wp-content\/uploads\/sites\/6\/2025\/03\/santa-ildegarda-300x200.jpg 300w, https:\/\/www.diocesi.pavia.it\/ufficiosalute\/wp-content\/uploads\/sites\/6\/2025\/03\/santa-ildegarda-600x400.jpg 600w, https:\/\/www.diocesi.pavia.it\/ufficiosalute\/wp-content\/uploads\/sites\/6\/2025\/03\/santa-ildegarda-272x182.jpg 272w, https:\/\/www.diocesi.pavia.it\/ufficiosalute\/wp-content\/uploads\/sites\/6\/2025\/03\/santa-ildegarda.jpg 627w\" sizes=\"auto, (max-width: 300px) 100vw, 300px\" \/><\/p>\n<p>Nel nostro contesto ci interessa richiamare l&#8217;attenzione sugli studi medici fatti da Santa Ildegarda e sul suo contributo per la comprensione, guarigione e mantenimento della salute umana attraverso una vita spirituale retta e sana, armoniosamente sostenuta sul piano fisico da un&#8217;appropriata dieta alimentare ed eventuale utilizzo di rimedi specifici.<\/p>\n<p>Per Santa Ildegarda:<\/p>\n<p><strong>&#8220;<em>Essere in salute vuol dire soprattutto avere equilibrio tra corpo e anima<\/em>&#8220;.<\/strong><\/p>\n<p>E&#8217; proprio questa visione, l\u2019unit\u00e0 tra corpo e anima, ad essere sottolineata da papa Benedetto XVI\u00a0nella sua\u00a0<a href=\"https:\/\/www.vatican.va\/content\/benedict-xvi\/it\/apost_letters\/documents\/hf_ben-xvi_apl_20121007_ildegarda-bingen.html\" target=\"_blank\" rel=\"noopener\">Lettera Apostolica del 2012<\/a>: <em>\u00abL\u2019uomo \u00e8 visto come unit\u00e0 di corpo e di anima. Si nota nella mistica tedesca un apprezzamento positivo della corporeit\u00e0 e, anche negli aspetti di fragilit\u00e0 che il corpo manifesta, ella \u00e8 capace di cogliere un valore provvidenziale: il corpo non \u00e8 un peso di cui liberarsi e, perfino quando \u00e8 debole e fragile, \u201ceduca\u201d l\u2019uomo al senso della creaturalit\u00e0 e dell\u2019umilt\u00e0, proteggendolo dalla superbia e dall\u2019arroganza. In una visione Ildegarda contempla le anime dei beati del paradiso, che sono in attesa di ricongiungersi ai loro corpi. Infatti, come per il corpo di Cristo, anche i nostri corpi sono orientati verso la risurrezione gloriosa, per una profonda trasformazione per la vita eterna. La stessa visione di Dio, nella quale consiste la vita eterna, non si pu\u00f2 conseguire in modo definitivo senza il corpo\u00bb.<\/em><\/p>\n<p>&nbsp;<\/p>\n<p><em><strong>Riportiamo qui alcuni link preziosi<\/strong><\/em> per scoprire la figura straordinaria di questa santa e approfondire alcune delle sue innovazioni legate al tema della salute.<\/p>\n<p>Qui trovate il link al convegno del 2022 organizzato proprio a Pavia presso la Basilica dell SS Salvatore, utile per fornire un panoramica della figura di santa Ildegarda, inquadrare la sua visione della salute e gli studi scientifici a riguardo:<\/p>\n<p><a href=\"https:\/\/www.canaleeuropa.tv\/canale-europa-primo-piano\/-la-salute-nella-visione-profetica-di-ildegarda-di-bingen\">https:\/\/www.canaleeuropa.tv\/canale-europa-primo-piano\/-la-salute-nella-visione-profetica-di-ildegarda-di-bingen<\/a><\/p>\n<p>Interessantissime le innovazioni apportate da Santa Ildegarda al canto Gregoriano. Si tratta essenzialmente di preghiere in latino, che venivano cantate dalla santa con le sue monache durante le celebrazioni religiose. Ancorch\u00e9 molto distanti dal gusto musicale moderno e per nulla facili da riprodurre, questi canti possono aiutare a calmare la mente affaticata e ispirare alla preghiera profonda . Al seguente link sono disponibili alcuni esempi di canto gregoriano composto da Santa Ildegarda<span style=\"font-size: inherit;\">:<\/span><\/p>\n<p><a href=\"https:\/\/youtu.be\/Ei88J4lERbk?si=AJrrq8Xn2HF7mcCo\">https:\/\/youtu.be\/Ei88J4lERbk?si=AJrrq8Xn2HF7mcCo<\/a><\/p>\n<h4><\/h4>\n","protected":false},"excerpt":{"rendered":"<p>Vissuta nel XII secolo, \u00e8 stata canonizzata nel 2012 da Papa Benedetto XVI e nominata Dottore della Chiesa per l\u2019importanza e l\u2019ampiezza del suo contributo alla dottrina della fede cattolica. E\u2019 stata monaca benedettina prima e poi badessa; scrittrice, mistica, teologa, gemmologa, guaritrice, erborista, esorcista, ginecologa, cosmologa, filosofa, poetessa e drammaturga, musicista, linguista, consigliera di principi, papi e imperatori. Nel nostro contesto ci interessa richiamare &hellip; <a href=\"https:\/\/www.diocesi.pavia.it\/ufficiosalute\/testimonianze\/santi-medici\/santa-ildegarda-di-bingen\/\" class=\"more-link\">Continue reading <span class=\"screen-reader-text\">Santa Ildegarda di Bingen<\/span> <span class=\"meta-nav\">&raquo;<\/span><\/a><\/p>\n","protected":false},"author":3,"featured_media":0,"parent":1122,"menu_order":0,"comment_status":"closed","ping_status":"closed","template":"","meta":{"_acf_changed":false,"ip_address":"","user_agent":"","level":"","revision":"","cookie_id":"","page_referer":"","html_form":"","footnotes":""},"class_list":["post-1179","page","type-page","status-publish","hentry"],"acf":[],"yoast_head":"<!-- This site is optimized with the Yoast SEO plugin v27.4 - https:\/\/yoast.com\/product\/yoast-seo-wordpress\/ -->\n<title>Santa Ildegarda di Bingen - Ufficio Salute<\/title>\n<meta name=\"robots\" content=\"index, follow, max-snippet:-1, max-image-preview:large, max-video-preview:-1\" \/>\n<link rel=\"canonical\" href=\"https:\/\/www.diocesi.pavia.it\/ufficiosalute\/testimonianze\/santi-medici\/santa-ildegarda-di-bingen\/\" \/>\n<meta property=\"og:locale\" content=\"it_IT\" \/>\n<meta property=\"og:type\" content=\"article\" \/>\n<meta property=\"og:title\" content=\"Santa Ildegarda di Bingen - Ufficio Salute\" \/>\n<meta property=\"og:description\" content=\"Vissuta nel XII secolo, \u00e8 stata canonizzata nel 2012 da Papa Benedetto XVI e nominata Dottore della Chiesa per l\u2019importanza e l\u2019ampiezza del suo contributo alla dottrina della fede cattolica. E\u2019 stata monaca benedettina prima e poi badessa; scrittrice, mistica, teologa, gemmologa, guaritrice, erborista, esorcista, ginecologa, cosmologa, filosofa, poetessa e drammaturga, musicista, linguista, consigliera di principi, papi e imperatori. Nel nostro contesto ci interessa richiamare &hellip; Continue reading Santa Ildegarda di Bingen &raquo;\" \/>\n<meta property=\"og:url\" content=\"https:\/\/www.diocesi.pavia.it\/ufficiosalute\/testimonianze\/santi-medici\/santa-ildegarda-di-bingen\/\" \/>\n<meta property=\"og:site_name\" content=\"Ufficio Salute\" \/>\n<meta property=\"article:modified_time\" content=\"2025-04-02T20:14:07+00:00\" \/>\n<meta property=\"og:image\" content=\"https:\/\/www.diocesi.pavia.it\/ufficiosalute\/wp-content\/uploads\/sites\/6\/2025\/03\/santa-ildegarda-300x200.jpg\" \/>\n<meta name=\"twitter:card\" content=\"summary_large_image\" \/>\n<meta name=\"twitter:label1\" content=\"Tempo di lettura stimato\" \/>\n\t<meta name=\"twitter:data1\" content=\"3 minuti\" \/>\n<script type=\"application\/ld+json\" class=\"yoast-schema-graph\">{\"@context\":\"https:\\\/\\\/schema.org\",\"@graph\":[{\"@type\":\"WebPage\",\"@id\":\"https:\\\/\\\/www.diocesi.pavia.it\\\/ufficiosalute\\\/testimonianze\\\/santi-medici\\\/santa-ildegarda-di-bingen\\\/\",\"url\":\"https:\\\/\\\/www.diocesi.pavia.it\\\/ufficiosalute\\\/testimonianze\\\/santi-medici\\\/santa-ildegarda-di-bingen\\\/\",\"name\":\"Santa Ildegarda di Bingen - Ufficio Salute\",\"isPartOf\":{\"@id\":\"https:\\\/\\\/www.diocesi.pavia.it\\\/ufficiosalute\\\/#website\"},\"primaryImageOfPage\":{\"@id\":\"https:\\\/\\\/www.diocesi.pavia.it\\\/ufficiosalute\\\/testimonianze\\\/santi-medici\\\/santa-ildegarda-di-bingen\\\/#primaryimage\"},\"image\":{\"@id\":\"https:\\\/\\\/www.diocesi.pavia.it\\\/ufficiosalute\\\/testimonianze\\\/santi-medici\\\/santa-ildegarda-di-bingen\\\/#primaryimage\"},\"thumbnailUrl\":\"https:\\\/\\\/www.diocesi.pavia.it\\\/ufficiosalute\\\/wp-content\\\/uploads\\\/sites\\\/6\\\/2025\\\/03\\\/santa-ildegarda-300x200.jpg\",\"datePublished\":\"2025-04-02T14:00:38+00:00\",\"dateModified\":\"2025-04-02T20:14:07+00:00\",\"breadcrumb\":{\"@id\":\"https:\\\/\\\/www.diocesi.pavia.it\\\/ufficiosalute\\\/testimonianze\\\/santi-medici\\\/santa-ildegarda-di-bingen\\\/#breadcrumb\"},\"inLanguage\":\"it-IT\",\"potentialAction\":[{\"@type\":\"ReadAction\",\"target\":[\"https:\\\/\\\/www.diocesi.pavia.it\\\/ufficiosalute\\\/testimonianze\\\/santi-medici\\\/santa-ildegarda-di-bingen\\\/\"]}]},{\"@type\":\"ImageObject\",\"inLanguage\":\"it-IT\",\"@id\":\"https:\\\/\\\/www.diocesi.pavia.it\\\/ufficiosalute\\\/testimonianze\\\/santi-medici\\\/santa-ildegarda-di-bingen\\\/#primaryimage\",\"url\":\"https:\\\/\\\/www.diocesi.pavia.it\\\/ufficiosalute\\\/wp-content\\\/uploads\\\/sites\\\/6\\\/2025\\\/03\\\/santa-ildegarda.jpg\",\"contentUrl\":\"https:\\\/\\\/www.diocesi.pavia.it\\\/ufficiosalute\\\/wp-content\\\/uploads\\\/sites\\\/6\\\/2025\\\/03\\\/santa-ildegarda.jpg\",\"width\":627,\"height\":418},{\"@type\":\"BreadcrumbList\",\"@id\":\"https:\\\/\\\/www.diocesi.pavia.it\\\/ufficiosalute\\\/testimonianze\\\/santi-medici\\\/santa-ildegarda-di-bingen\\\/#breadcrumb\",\"itemListElement\":[{\"@type\":\"ListItem\",\"position\":1,\"name\":\"Home\",\"item\":\"https:\\\/\\\/www.diocesi.pavia.it\\\/ufficiosalute\\\/\"},{\"@type\":\"ListItem\",\"position\":2,\"name\":\"Testimonianze\",\"item\":\"https:\\\/\\\/www.diocesi.pavia.it\\\/ufficiosalute\\\/testimonianze\\\/\"},{\"@type\":\"ListItem\",\"position\":3,\"name\":\"Santi Medici e Medici Santi\",\"item\":\"https:\\\/\\\/www.diocesi.pavia.it\\\/ufficiosalute\\\/testimonianze\\\/santi-medici\\\/\"},{\"@type\":\"ListItem\",\"position\":4,\"name\":\"Santa Ildegarda di Bingen\"}]},{\"@type\":\"WebSite\",\"@id\":\"https:\\\/\\\/www.diocesi.pavia.it\\\/ufficiosalute\\\/#website\",\"url\":\"https:\\\/\\\/www.diocesi.pavia.it\\\/ufficiosalute\\\/\",\"name\":\"Ufficio Salute\",\"description\":\"Diocesi di Pavia\",\"publisher\":{\"@id\":\"https:\\\/\\\/www.diocesi.pavia.it\\\/ufficiosalute\\\/#organization\"},\"potentialAction\":[{\"@type\":\"SearchAction\",\"target\":{\"@type\":\"EntryPoint\",\"urlTemplate\":\"https:\\\/\\\/www.diocesi.pavia.it\\\/ufficiosalute\\\/?s={search_term_string}\"},\"query-input\":{\"@type\":\"PropertyValueSpecification\",\"valueRequired\":true,\"valueName\":\"search_term_string\"}}],\"inLanguage\":\"it-IT\"},{\"@type\":\"Organization\",\"@id\":\"https:\\\/\\\/www.diocesi.pavia.it\\\/ufficiosalute\\\/#organization\",\"name\":\"Ufficio Salute\",\"url\":\"https:\\\/\\\/www.diocesi.pavia.it\\\/ufficiosalute\\\/\",\"logo\":{\"@type\":\"ImageObject\",\"inLanguage\":\"it-IT\",\"@id\":\"https:\\\/\\\/www.diocesi.pavia.it\\\/ufficiosalute\\\/#\\\/schema\\\/logo\\\/image\\\/\",\"url\":\"https:\\\/\\\/www.diocesi.pavia.it\\\/ufficiosalute\\\/wp-content\\\/uploads\\\/sites\\\/6\\\/2024\\\/12\\\/home_salute.png\",\"contentUrl\":\"https:\\\/\\\/www.diocesi.pavia.it\\\/ufficiosalute\\\/wp-content\\\/uploads\\\/sites\\\/6\\\/2024\\\/12\\\/home_salute.png\",\"width\":446,\"height\":108,\"caption\":\"Ufficio Salute\"},\"image\":{\"@id\":\"https:\\\/\\\/www.diocesi.pavia.it\\\/ufficiosalute\\\/#\\\/schema\\\/logo\\\/image\\\/\"}}]}<\/script>\n<!-- \/ Yoast SEO plugin. -->","yoast_head_json":{"title":"Santa Ildegarda di Bingen - Ufficio Salute","robots":{"index":"index","follow":"follow","max-snippet":"max-snippet:-1","max-image-preview":"max-image-preview:large","max-video-preview":"max-video-preview:-1"},"canonical":"https:\/\/www.diocesi.pavia.it\/ufficiosalute\/testimonianze\/santi-medici\/santa-ildegarda-di-bingen\/","og_locale":"it_IT","og_type":"article","og_title":"Santa Ildegarda di Bingen - Ufficio Salute","og_description":"Vissuta nel XII secolo, \u00e8 stata canonizzata nel 2012 da Papa Benedetto XVI e nominata Dottore della Chiesa per l\u2019importanza e l\u2019ampiezza del suo contributo alla dottrina della fede cattolica. E\u2019 stata monaca benedettina prima e poi badessa; scrittrice, mistica, teologa, gemmologa, guaritrice, erborista, esorcista, ginecologa, cosmologa, filosofa, poetessa e drammaturga, musicista, linguista, consigliera di principi, papi e imperatori. Nel nostro contesto ci interessa richiamare &hellip; Continue reading Santa Ildegarda di Bingen &raquo;","og_url":"https:\/\/www.diocesi.pavia.it\/ufficiosalute\/testimonianze\/santi-medici\/santa-ildegarda-di-bingen\/","og_site_name":"Ufficio Salute","article_modified_time":"2025-04-02T20:14:07+00:00","og_image":[{"url":"https:\/\/www.diocesi.pavia.it\/ufficiosalute\/wp-content\/uploads\/sites\/6\/2025\/03\/santa-ildegarda-300x200.jpg","type":"","width":"","height":""}],"twitter_card":"summary_large_image","twitter_misc":{"Tempo di lettura stimato":"3 minuti"},"schema":{"@context":"https:\/\/schema.org","@graph":[{"@type":"WebPage","@id":"https:\/\/www.diocesi.pavia.it\/ufficiosalute\/testimonianze\/santi-medici\/santa-ildegarda-di-bingen\/","url":"https:\/\/www.diocesi.pavia.it\/ufficiosalute\/testimonianze\/santi-medici\/santa-ildegarda-di-bingen\/","name":"Santa Ildegarda di Bingen - Ufficio Salute","isPartOf":{"@id":"https:\/\/www.diocesi.pavia.it\/ufficiosalute\/#website"},"primaryImageOfPage":{"@id":"https:\/\/www.diocesi.pavia.it\/ufficiosalute\/testimonianze\/santi-medici\/santa-ildegarda-di-bingen\/#primaryimage"},"image":{"@id":"https:\/\/www.diocesi.pavia.it\/ufficiosalute\/testimonianze\/santi-medici\/santa-ildegarda-di-bingen\/#primaryimage"},"thumbnailUrl":"https:\/\/www.diocesi.pavia.it\/ufficiosalute\/wp-content\/uploads\/sites\/6\/2025\/03\/santa-ildegarda-300x200.jpg","datePublished":"2025-04-02T14:00:38+00:00","dateModified":"2025-04-02T20:14:07+00:00","breadcrumb":{"@id":"https:\/\/www.diocesi.pavia.it\/ufficiosalute\/testimonianze\/santi-medici\/santa-ildegarda-di-bingen\/#breadcrumb"},"inLanguage":"it-IT","potentialAction":[{"@type":"ReadAction","target":["https:\/\/www.diocesi.pavia.it\/ufficiosalute\/testimonianze\/santi-medici\/santa-ildegarda-di-bingen\/"]}]},{"@type":"ImageObject","inLanguage":"it-IT","@id":"https:\/\/www.diocesi.pavia.it\/ufficiosalute\/testimonianze\/santi-medici\/santa-ildegarda-di-bingen\/#primaryimage","url":"https:\/\/www.diocesi.pavia.it\/ufficiosalute\/wp-content\/uploads\/sites\/6\/2025\/03\/santa-ildegarda.jpg","contentUrl":"https:\/\/www.diocesi.pavia.it\/ufficiosalute\/wp-content\/uploads\/sites\/6\/2025\/03\/santa-ildegarda.jpg","width":627,"height":418},{"@type":"BreadcrumbList","@id":"https:\/\/www.diocesi.pavia.it\/ufficiosalute\/testimonianze\/santi-medici\/santa-ildegarda-di-bingen\/#breadcrumb","itemListElement":[{"@type":"ListItem","position":1,"name":"Home","item":"https:\/\/www.diocesi.pavia.it\/ufficiosalute\/"},{"@type":"ListItem","position":2,"name":"Testimonianze","item":"https:\/\/www.diocesi.pavia.it\/ufficiosalute\/testimonianze\/"},{"@type":"ListItem","position":3,"name":"Santi Medici e Medici Santi","item":"https:\/\/www.diocesi.pavia.it\/ufficiosalute\/testimonianze\/santi-medici\/"},{"@type":"ListItem","position":4,"name":"Santa Ildegarda di Bingen"}]},{"@type":"WebSite","@id":"https:\/\/www.diocesi.pavia.it\/ufficiosalute\/#website","url":"https:\/\/www.diocesi.pavia.it\/ufficiosalute\/","name":"Ufficio Salute","description":"Diocesi di Pavia","publisher":{"@id":"https:\/\/www.diocesi.pavia.it\/ufficiosalute\/#organization"},"potentialAction":[{"@type":"SearchAction","target":{"@type":"EntryPoint","urlTemplate":"https:\/\/www.diocesi.pavia.it\/ufficiosalute\/?s={search_term_string}"},"query-input":{"@type":"PropertyValueSpecification","valueRequired":true,"valueName":"search_term_string"}}],"inLanguage":"it-IT"},{"@type":"Organization","@id":"https:\/\/www.diocesi.pavia.it\/ufficiosalute\/#organization","name":"Ufficio Salute","url":"https:\/\/www.diocesi.pavia.it\/ufficiosalute\/","logo":{"@type":"ImageObject","inLanguage":"it-IT","@id":"https:\/\/www.diocesi.pavia.it\/ufficiosalute\/#\/schema\/logo\/image\/","url":"https:\/\/www.diocesi.pavia.it\/ufficiosalute\/wp-content\/uploads\/sites\/6\/2024\/12\/home_salute.png","contentUrl":"https:\/\/www.diocesi.pavia.it\/ufficiosalute\/wp-content\/uploads\/sites\/6\/2024\/12\/home_salute.png","width":446,"height":108,"caption":"Ufficio Salute"},"image":{"@id":"https:\/\/www.diocesi.pavia.it\/ufficiosalute\/#\/schema\/logo\/image\/"}}]}},"_links":{"self":[{"href":"https:\/\/www.diocesi.pavia.it\/ufficiosalute\/wp-json\/wp\/v2\/pages\/1179","targetHints":{"allow":["GET"]}}],"collection":[{"href":"https:\/\/www.diocesi.pavia.it\/ufficiosalute\/wp-json\/wp\/v2\/pages"}],"about":[{"href":"https:\/\/www.diocesi.pavia.it\/ufficiosalute\/wp-json\/wp\/v2\/types\/page"}],"author":[{"embeddable":true,"href":"https:\/\/www.diocesi.pavia.it\/ufficiosalute\/wp-json\/wp\/v2\/users\/3"}],"replies":[{"embeddable":true,"href":"https:\/\/www.diocesi.pavia.it\/ufficiosalute\/wp-json\/wp\/v2\/comments?post=1179"}],"version-history":[{"count":2,"href":"https:\/\/www.diocesi.pavia.it\/ufficiosalute\/wp-json\/wp\/v2\/pages\/1179\/revisions"}],"predecessor-version":[{"id":1182,"href":"https:\/\/www.diocesi.pavia.it\/ufficiosalute\/wp-json\/wp\/v2\/pages\/1179\/revisions\/1182"}],"up":[{"embeddable":true,"href":"https:\/\/www.diocesi.pavia.it\/ufficiosalute\/wp-json\/wp\/v2\/pages\/1122"}],"wp:attachment":[{"href":"https:\/\/www.diocesi.pavia.it\/ufficiosalute\/wp-json\/wp\/v2\/media?parent=1179"}],"curies":[{"name":"wp","href":"https:\/\/api.w.org\/{rel}","templated":true}]}}